 (base 5) in base 12?
367a748
-3123222322 (base 4) to base 7
-10435144
Convert -5253264 (base 7) to base 4.
-2123002131
-102210121000 (base 3) to base 15
-48c39
What is 2181668 (base 11) in base 16?
3a5748
What is -1220100200101 (base 3) in base 4?
-3312303022
What is -262452 (base 9) in base 5?
-20044133
-2220102020 (base 3) to base 14
-16b93
What is 73302 (base 8) in base 4?
13123002
Convert -11010110011111100 (base 2) to base 4.
-122303330
What is 12002112222000 (base 3) in base 15?
387339
Convert 1775550 (base 9) to base 16.
f2df6
147a009 (base 11) to base 4
21222003303
Convert -74234 (base 13) to base 7.
-1530416
Convert 242402330 (base 5) to base 16.
115cb0
Convert -48a9a (base 16) to base 3.
-120010021012
Convert 3110110 (base 6) to base 8.
443132
Convert 11001010101110 (base 2) to base 4.
3022232
-321e6 (base 16) to base 4
-302013212
-14244123 (base 6) to base 12
-1b6643
Convert -2029a4 (base 12) to base 7.
-4162063
1a1834 (base 12) to base 6
13501304
1010000102 (base 3) to base 14
7d8d
44433 (base 6) to base 15
1c93
What is 16d2eed (base 15) in base 14?
22c7107
-124113 (base 9) to base 5
-4401210
1512100 (base 6) to base 11
5a654
What is -2111540 (base 8) in base 16?
-89360
Convert -5705370 (base 10) to base 8.
-25607232
What is 1ae41 (base 16) in base 3?
12121002110
Convert -931881 (base 11) to base 9.
-2728726
Convert -b5e16b (base 15) to base 14.
-1213a26
331021230 (base 4) to base 5
31003401
What is -11545424 (base 8) in base 16?
-26cb14
Convert 10110220220 (base 4) to base 9.
2116275
Convert -9621624 (base 10) to base 9.
-20084343
Convert -343000433 (base 5) to base 9.
-2783570
What is -10122201011112 (base 3) in base 5?
-444133112
e81d8 (base 16) to base 7
11036564
124113320 (base 5) to base 4
2111303101
11000001001001111010 (base 2) to base 14
168478
Convert -710a06 (base 12) to base 3.
-10022121202120
-333102110 (base 6) to base 14
-b2c550
10110010011 (base 3) to base 6
1242134
What is -125313 (base 8) in base 13?
-16b94
Convert 2202022102 (base 3) to base 8.
151635
251176 (base 13) to base 9
1602814
3343110 (base 7) to base 15
82a3c
What is -20775825 (base 9) in base 2?
-100110010000100111010100
4267b4 (base 13) to base 14
2c74c6
What is -22744 (base 16) in base 8?
-423504
Convert 111110010001 (base 2) to base 5.
111420
What is 1600634 (base 7) in base 15?
44c75
What is -233e2e (base 15) in base 7?
-20212313
350dcb (base 15) to base 16
26abde
What is 464407 (base 11) in base 4?
2310021021
What is 111200113200 (base 4) in base 7?
65630103
What is -1233425 (base 6) in base 16?
-10559
What is -800657 (base 12) in base 5?
-1002212322
Convert -cac1c2 (base 13) to base 9.
-8866184
What is 105064661 (base 7) in base 16?
612f89
1725045 (base 11) to base 5
1222404104
What is 110000011100111001 (base 2) in base 11?
126116
110432322 (base 5) to base 11
300261
Convert 55100463 (base 7) to base 2.
10010000001000101000000
3430856 (base 10) to base 6
201311332
Convert -21410a (base 14) to base 12.
-463226
Convert -111010010101110000 (base 2) to base 8.
-722560
What is -131330100 (base 4) in base 8?
-357420
What is 134801 (base 14) in base 6?
22133321
What is 231529 (base 11) in base 8?
1316570
Convert -30943 (base 14) to base 9.
-187528
What is 10b3a (base 13) in base 11?
2098a
5111322 (base 6) to base 3
110022220112
-101001111011001011 (base 2) to base 6
-3403003
What is b83ed9 (base 15) in base 7?
134362122
11442250 (base 6) to base 5
43112124
What is 5120211 (base 6) in base 16?
3b80f
Convert -10010011001010 (base 2) to base 7.
-36313
Convert 7b100 (base 13) to base 4.
312300013
11122321 (base 6) to base 11
210640
What is 28500 (base 12) in base 7?
322212
Convert -67305 (base 11) to base 14.
-27787
What is -152a44 (base 12) in base 8?
-1272124
What is 1100000000111111 (base 2) in base 9?
74453
Convert 1000010111101010 (base 2) to base 7.
201643
729cb (base 13) to base 3
101110120222
What is -30053 (base 10) in base 9?
-45202
-20221112201201 (base 3) to base 13
-9c32c5
What is 29125 (base 14) in base 3?
12011120210
What is 132013101 (base 4) in base 2?
11110000111010001
-10232042 (base 5) to base 16
-151fa
Convert 141421 (base 7) to base 10.
26965
What is 4a4a8 (base 11) in base 12?
35b38
-63457 (base 10) to base 16
-f7e1
Convert -65581 (base 10) to base 9.
-108857
What is 6665753 (base 9) in base 15?
4aca46
-435145134 (base 6) to base 8
-35615322
What is -10301534 (base 6) in base 11?
-198185
What is -301131113 (base 5) in base 11?
-745075
-1535770 (base 9) to base 2
-11001111101011010100
What is -40536 (base 10) in base 16?
-9e58
376654 (base 8) to base 11
8a035
What is 14580 (base 10) in base 12?
8530
c2dda (base 14) to base 4
1302203210
d3ac05 (base 14) to base 8
33162765
Convert -6316504 (base 9) to base 11.
-19a7325
1a322b3 (base 13) to base 11
4965088
Convert 101001231 (base 4) to base 12.
34439
What is 55456 (base 13) in base 7?
1212355
What is 1262363 (base 7) in base 13?
5aa64
Convert -14a9581 (base 11) to base 6.
-131104332
What is 386478 (base 9) in base 4?
321032210
Convert -1663020 (base 7) to base 15.
-494b0
What is -14162035 (base 9) in base 13?
-15b5130
What is -25046348 (base 9) in base 6?
-1114351412
71357 (base 15) to base 8
1274153
6522554 (base 7) to base 4
3002100311
3240240 (base 6) to base 3
22011120120
-1382a83 (base 11) to base 12
-966a79
Convert 466012 (base 7) to base 5.
10134301
What is 2616a3 (base 11) in base 2?
1100100100111010110
Convert 95976 (base 10) to base 3.
11212122200
Convert -22202222012 (base 3) to base 11.
-108877
Convert 925a (base 16) to base 12.
19822
1011110111011001110001 (base 2) to base 12
1060095
-4e067 (base 16) to base 6
-10503331
What is 379b (base 13) in base 4?
1323132
3687542 (base 9) to base 7
23025203
What is -220120020011 (base 3) in base 8?
-1660245
Convert -11340421 (base 5) to base 11.
-72494
What is 1223223012 (base 4) in base 10?
441030
111010111101001010100 (base 2) to base 7
22264150
Convert -3512 (base 15) to base 12.
-662b
20415 (base 12) to base 5
2321230
-50058 (base 13) to base 11
-9838a
Convert c5229 (base 15) to base 5.
124443424
Convert b3ab13 (base 14) to base 4.
113013231331
5134 (base 11) to base 7
25602
What is -436507 (base 12) in base 16?
-104e57
5302220 (base 7) to base 12
26a088
What is 24005335 (base 8) in base 16?
500add
Convert 2609831 (base 10) to base 2.
1001111101001010100111
-173260 (base 10) to base 16
-2a4cc
223302110123 (base 4) to base 14
174b0a7
Convert 456373 (base 9) to base 10.
273684
Convert -122101133 (base 4) to base 15.
-21d45
What is 15c25 (base 15) in base 3?
10120100022
-5d5221 (base 14) to base 15
-433e14
What is c089b (base 16) in base 9?
1431721
Convert 1848 (base 14) to base 6.
32132
Convert -210100002120 (base 3) to base 4.
-1212202011
14ea10 (base 15) to base 6
33402210
36321 (base 9) to base 3
1020100201
Convert 22202012212 (base 3) to base 12.
837a2
What is -32b5b2 (base 12) in base 2?
-11000101001110010110
-11a065 (base 12) to base 5
-33140200
2125344 (base 6) to base 8
314700
-1002344 (base 7) to base 10
-118514
-63194 (base 12) to base 16
-1fb40
Convert -9db56 (base 14) to base 10.
-383648
-12680732 (base 9) to base 4
-113312222231
-451598 (base 10) to base 16
-6e40e
d4a261 (base 14) to base 8
33272255
Convert 4397 (base 10) to base 16.
112d
Convert -245701 (base 8) to base 2.
-10100101111000001
What is -3204232 (base 5) in base 8?
-150674
What is 3459128 (base 11) in base 4?
113003220332
10845102 (base 9) to base 6
305141045
Convert -615628 (base 16) to base 4.
-120111120220
What is 22654 (base 10) in base 11?
16025
202c8c (base 14) to base 2
100001000100011011100
Convert -531b2 (base 12) to base 3.
-12112201022
41ac5d (base 14) to base 15
2dc9c7
What is -121220210220112 (base 3) in base 14?
-12a0a83
What is -140414402 (base 5) in base 11?
-44a644
What is -41b7 (base 12) in base 9?
-10774
Convert -45a0c (base 14) to base 6.
-3344020
-5148ab (base 12) to base 4
-10312310003
-1306545 (base 10) to base 8
-4767661
-130332500 (base 6) to base 8
-11557064
Convert -4b7650b (base 12) to base 3.
-1000220211000002
What is -1f8d (base 16) in base 6?
-101221
What is -31311220023 (base 4) in base 10?
-3627531
5549b (base 16) to base 12
14a1b7
What is -4043031421 (base 5) in base 11?
-4683267
What is -163aa0a (base 11) in base 2?
